{"id":1396,"date":"2020-12-22T11:05:36","date_gmt":"2020-12-22T11:05:36","guid":{"rendered":"https:\/\/delight.hr\/delight\/?page_id=1396"},"modified":"2020-12-22T11:08:32","modified_gmt":"2020-12-22T11:08:32","slug":"o-nama","status":"publish","type":"page","link":"https:\/\/delight.hr\/delight\/o-nama\/","title":{"rendered":"O nama"},"content":{"rendered":"\n\n\t<p>DeLight je <b>hrvatski modni<\/b> brend koji je pokrenut 2016. godine s ciljem da ponudi doma\u0107em tr\u017ei\u0161tu kvalitetne odjevne komade s naglaskom na poslovnu modu.<\/p>\n<p>Kvalitetne prirodne tkanine, besprijekorni krojevi i vlastita proizvodnja glavne su odrednice brenda koji se u vrlo kratkom vremenu uspio nametnuti kao sinonim za poslovno odijevanje u Hrvatskoj. Pomno krojena i vrhunski sa\u0161ivena odijela od isklju\u010divo prirodnih tkanina za\u0161titni su znak brenda koji se vodi filozofijom &#8220;slow fashiona&#8221; &#8211; od ideje do gotovog proizvoda misao vodilja jest kvaliteta i dugotrajnost svakog proizvedenog komada. Svevremenski dizajn, kvalitetna proizvodnja i vrhunske tkanine garantiraju dugotrajnost i kvalitetu, a to su<b> <\/b>stupovi na kojima stoji DeLight. Odje\u0107a se proizvodi u ograni\u010denim serijama \u0161to jam\u010di ekskluzivnost i svojevrsnu unikatnost proizvoda kojom se brend isti\u010de na tr\u017ei\u0161tu.<\/p>\n<p>Brend je namijenjen samouvjerenim, samosvjesnim i modernim \u017eenama koje vode ra\u010duna o kvaliteti i podrijetlu odje\u0107e koju nose. Brend je namijenjen \u017eenama s jasnim ciljevima koje znaju kako te ciljeve dosegnuti. Ideja DeLight \u017eene podudara se s\u00a0filozofijom brenda &#8211; ne pristaje na kompromise kad govorimo o kvaliteti.<\/p>\n<p>DeLight je nastao slu\u010dajno, ali sve nakon same ideje obilje\u017eio je jasan i zacrtan put. Naime, osniva\u010d i vlasnik brenda, Ivan Fri\u0161\u010di\u0107<b>,<\/b> koji je prije pokretanja brenda iza sebe imao desetlje\u0107e iskustva kao modni i estradni stilist, na na\u0161em je tr\u017ei\u0161tu te\u0161ko uspijevao prona\u0107i kvalitetna odijela od prirodnih tkanina po pristupa\u010dnoj cijeni. Taj nedostatak je doveo do ideje koja je rezultirala osnivanjem vlastitog brenda.<\/p>\n<p>Od prvog dana kada je stupio na scenu, DeLight ima jasan\u00a0<b>cilj\u00a0<\/b>&#8211; stvarati i kreirati odjevne komade za stvarne \u017eene, \u017eene koje znaju \u0161to \u017eele, \u017eene izgra\u0111enog stila koje ne slijede slijepo trendove, ali \u017eele u svom ormaru imati vrhunski krojenu odje\u0107u izra\u0111enu od najboljih tkanina, nosivu u svako doba dana i odje\u0107u koja laska njihovoj figuri. Kao predvodnik trendova, DeLight je prvi, u sezoni jesen-zima 2016\/2017. izbacio &#8220;power suit&#8221; koji je do danas ostao najtra\u017eeniji i najprodavaniji dio svake kolekcije. Kaputi od mje\u0161avine vune, ka\u0161mira, mohera, devine dlake i alpake odi\u0161u luksuzom i elegancijom i nalaze se na listi \u017eelja mnogih \u017eena. DeLight odjevni predmeti odi\u0161u kvalitetom, elegancijom, jednostavno\u0161\u0107u i minimalizmom, te mogu se uspje\u0161no prenositi s generacije na generaciju.<\/p>\n<p>Odavno je poznato da ono \u0161to\u00a0\u017eene nose utje\u010de, ne samo na to kako \u0107e ih ljudi percipirati, ve\u0107 i na njih same. DeLight\u00a0<b>misija<\/b>\u00a0je \u017eene u\u010diniti sretnima kroz kreacije koje \u0107e rado &#8216;reciklirati&#8217; i nositi vi\u0161e puta. Svakom novom kolekcijom vra\u0107amo duh nekih pro\u0161lih desetlje\u0107a kada se promi\u0161ljalo o modi znatno studioznije, kada su \u017eene nosile odje\u0107u krojenu po mjeri i pa\u017eljivo je kombinirale s modnim dodacima, te kada odje\u0107a nije bila stvarana za jednu sezonu. Na\u0161e vjerne klijentice svoje DeLight komade nose iz sezone u sezonu s istim odu\u0161evljenjem i sre\u0107om kao i prvoga dana.<\/p>\n<p>Posebnost brenda jest individualan pristup svakoj klijentici, potpuna posve\u0107enost svakom komadu odje\u0107e i svakoj \u017eeni. Izrada odje\u0107e po mjeri jest dodatna vrijednost i ekskluzivnost koja brend \u010dini posebnim i prepoznatljivim.<\/p>\n<p>DeLight nije samo odje\u0107a &#8211; DeLight je\u00a0<b><i>osje\u0107aj<\/i><\/b>\u00a0koji \u017eenama pru\u017ea sigurnost i samouvjerenost.<\/p>\n\t\t\t\t<img loading=\"lazy\" decoding=\"async\" src=\"https:\/\/delight.hr\/delight\/wp-content\/uploads\/2020\/12\/image3.jpeg\" alt=\"image3\" itemprop=\"image\" height=\"2048\" width=\"1365\" title=\"image3\" onerror=\"this.style.display='none'\"  \/>\n\t\t\t\t<img loading=\"lazy\" decoding=\"async\" src=\"https:\/\/delight.hr\/delight\/wp-content\/uploads\/2020\/12\/image4.jpeg\" alt=\"image4\" itemprop=\"image\" height=\"1800\" width=\"1200\" title=\"image4\" onerror=\"this.style.display='none'\"  \/>\n\t\t\t\t<img loading=\"lazy\" decoding=\"async\" src=\"https:\/\/delight.hr\/delight\/wp-content\/uploads\/2020\/12\/image5.jpeg\" alt=\"image5\" itemprop=\"image\" height=\"2268\" width=\"1512\" title=\"image5\" onerror=\"this.style.display='none'\"  \/>\n\n","protected":false},"excerpt":{"rendered":"<p>DeLight je hrvatski modni brend koji je pokrenut 2016. godine s ciljem da ponudi doma\u0107em tr\u017ei\u0161tu kvalitetne odjevne komade s naglaskom na poslovnu modu. Kvalitetne prirodne tkanine, besprijekorni krojevi i vlastita proizvodnja glavne su odrednice brenda koji se u vrlo kratkom vremenu uspio nametnuti kao sinonim za poslovno odijevanje u Hrvatskoj. Pomno krojena i vrhunski [&hellip;]<\/p>\n","protected":false},"author":1,"featured_media":0,"parent":0,"menu_order":0,"comment_status":"closed","ping_status":"closed","template":"","meta":{"site-sidebar-layout":"default","site-content-layout":"default","ast-site-content-layout":"","site-content-style":"default","site-sidebar-style":"default","ast-global-header-display":"","ast-banner-title-visibility":"","ast-main-header-display":"","ast-hfb-above-header-display":"","ast-hfb-below-header-display":"","ast-hfb-mobile-header-display":"","site-post-title":"disabled","ast-breadcrumbs-content":"","ast-featured-img":"","footer-sml-layout":"","theme-transparent-header-meta":"default","adv-header-id-meta":"","stick-header-meta":"","header-above-stick-meta":"","header-main-stick-meta":"","header-below-stick-meta":"","astra-migrate-meta-layouts":"default","ast-page-background-enabled":"default","ast-page-background-meta":{"desktop":{"background-color":"","background-image":"","background-repeat":"repeat","background-position":"center center","background-size":"auto","background-attachment":"scroll","background-type":"","background-media":"","overlay-type":"","overlay-color":"","overlay-opacity":"","overlay-gradient":""},"tablet":{"background-color":"","background-image":"","background-repeat":"repeat","background-position":"center center","background-size":"auto","background-attachment":"scroll","background-type":"","background-media":"","overlay-type":"","overlay-color":"","overlay-opacity":"","overlay-gradient":""},"mobile":{"background-color":"","background-image":"","background-repeat":"repeat","background-position":"center center","background-size":"auto","background-attachment":"scroll","background-type":"","background-media":"","overlay-type":"","overlay-color":"","overlay-opacity":"","overlay-gradient":""}},"ast-content-background-meta":{"desktop":{"background-color":"var(--ast-global-color-5)","background-image":"","background-repeat":"repeat","background-position":"center center","background-size":"auto","background-attachment":"scroll","background-type":"","background-media":"","overlay-type":"","overlay-color":"","overlay-opacity":"","overlay-gradient":""},"tablet":{"background-color":"var(--ast-global-color-5)","background-image":"","background-repeat":"repeat","background-position":"center center","background-size":"auto","background-attachment":"scroll","background-type":"","background-media":"","overlay-type":"","overlay-color":"","overlay-opacity":"","overlay-gradient":""},"mobile":{"background-color":"var(--ast-global-color-5)","background-image":"","background-repeat":"repeat","background-position":"center center","background-size":"auto","background-attachment":"scroll","background-type":"","background-media":"","overlay-type":"","overlay-color":"","overlay-opacity":"","overlay-gradient":""}},"footnotes":""},"class_list":["post-1396","page","type-page","status-publish","hentry"],"_links":{"self":[{"href":"https:\/\/delight.hr\/delight\/wp-json\/wp\/v2\/pages\/1396","targetHints":{"allow":["GET"]}}],"collection":[{"href":"https:\/\/delight.hr\/delight\/wp-json\/wp\/v2\/pages"}],"about":[{"href":"https:\/\/delight.hr\/delight\/wp-json\/wp\/v2\/types\/page"}],"author":[{"embeddable":true,"href":"https:\/\/delight.hr\/delight\/wp-json\/wp\/v2\/users\/1"}],"replies":[{"embeddable":true,"href":"https:\/\/delight.hr\/delight\/wp-json\/wp\/v2\/comments?post=1396"}],"version-history":[{"count":2,"href":"https:\/\/delight.hr\/delight\/wp-json\/wp\/v2\/pages\/1396\/revisions"}],"predecessor-version":[{"id":1401,"href":"https:\/\/delight.hr\/delight\/wp-json\/wp\/v2\/pages\/1396\/revisions\/1401"}],"wp:attachment":[{"href":"https:\/\/delight.hr\/delight\/wp-json\/wp\/v2\/media?parent=1396"}],"curies":[{"name":"wp","href":"https:\/\/api.w.org\/{rel}","templated":true}]}}